5). Suppose -6*h - 45 = -x*h. Let s = h + -13. Let j(w) = -w**3 - 5*w**2 - 3*w - 4. What is j(s)?
-8
Let j(a) = -a**2 + a + 1. Let v(h) = -26*h**2 + h - 3. Let m(x) = 6*j(x) + v(x). Let g(p) = -16*p**2 + 4*p + 2. Let s(w) = -5*g(w) + 3*m(w). Calculate s(1).
-16
Let v be (-30)/(-20) - 2/(-4). Suppose -3*b - 15 = 0, 25 = 3*g + v*g - 3*b. Let t(f) = -f**3 - 25*f**2 + 1 + 24*f**g + 0. Determine t(2).
-11
Let r(t) be the third derivative of t**4/24 - 2*t**3/3 + 129*t**2. Determine r(3).
-1
Suppose 2*u + 4 = -t, 3*t = -2*u - 9 - 3. Let a(i) = -10*i + u*i**2 - i**2 + 11*i. Calculate a(3).
-6
Let g = -33 - -29. Let c(i) = 3*i**3 + 23*i**2 + 13*i + 7. Let m(u) = 2*u**3 + 15*u**2 + 9*u + 5. Let t(a) = 5*c(a) - 8*m(a). What is t(g)?
7
Let r(n) = -n + 3. Let t be 1*-6*(-22)/44. What is r(t)?
0
Let v(u) = u**2 + 4*u. Let q be v(-6). Suppose 118 = 40*b - 362. Suppose q = 4*y - b. Let m(k) = k - 1. Give m(y).
5
Let k(p) = p**2 - 7*p - 256. Let a be k(20). Let f(u) = 3*u - 25. Let m(t) = -t + 6. Let g(h) = 2*f(h) + 9*m(h). Determine g(a).
-8
Let w(y) = -2*y + 5. Suppose -3*q - 3*k = -36, 5*q + k + 2 = 62. What is w(q)?
-19
Let y(c) = c - 9. Let h = -5 + 14. Let w = h - 4. Let j be w + -7 - 8/(-1). Give y(j).
-3
Suppose 17 = 4*o - o - 2*d, -2*d - 3 = -o. Let c(v) = v**2 - 8*v + 2. Give c(o).
-5
Let l(u) = u**3 - 16*u**2 - 16*u - 13. Let a be l(17). Let s(x) = 1 - a*x**2 + 4*x**2 + x**2 - 6. Calculate s(5).
20
Let l(j) = 7 - 3*j + 0 - 6 + 3. Determine l(5).
-11
Let x = 14 - 21. Let u(y) = 6 + 6 - 5 + 1 + y. What is u(x)?
1
Let r(i) = -2*i + 1. Let g(m) = -6*m + 4. Let w(v) = -g(v) + 2*r(v). Determine w(-5).
-12
Let b be 0 - 1 - (10 - 13). Let v(z) = 0*z - z**2 + 4 - 7*z + b*z - 2. Let t = 7 - 13. Determine v(t).
-4
Let z(j) = j**3 - 14*j**2 - 13*j + 2. Let m be z(15). Let y(k) = m*k**2 - 33*k**2 - 4*k - k - 6. What is y(-4)?
-2
Let n(j) = -9190*j - 9184*j + 18375*j + 17. What is n(-15)?
2
Suppose 9 = 2*o - 11. Suppose 0*n + n = -4*w - 10, -2*w - o = -2*n. Let m(h) = -h + 6*h**2 + 1 + 5*h - 7*h**n. Calculate m(3).
4
Let f(d) = -d**2 - 3*d + 7. Let h be (-1008)/210 - 8/(-10). Determine f(h).
3
Let j = 0 + 2. Let b(q) be the first derivative of q**4/12 - q**3/6 + q**2/2 + 36. Let r(u) be the second derivative of b(u). Calculate r(j).
3
Let b(w) be the second derivative of 4*w**3/3 - 2*w**2 + 4*w + 1. Determine b(-2).
-20
Let q(m) = -m**2 + 1. Let o(z) = z**2 - z - 1. Let h(g) = -3*o(g) - q(g). What is h(-2)?
-12
Let k(c) = -6*c + 7. Suppose 46 = -9*w + 91. What is k(w)?
-23
Let a(t) = 2*t - 8. Let n(i) be the first derivative of i**2 - 9*i - 15. Let u(g) = -5*a(g) + 4*n(g). What is u(5)?
-6
Let m(q) = 5*q - 302 + q + 2*q**2 + 304. Let g(p) = 3*p - 1. Let f be g(-1). What is m(f)?
10
Let v(y) = -18*y - 89. Let d be v(-5). Let m(w) = -w**2 + w. Give m(d).
0
Let j(k) = -k**2 + 6*k + 2. Let y be j(6). Let r(m) = -4 - 2*m**2 - 9*m + m**3 - m**2 + 8*m**y. Let h be 1*4/(-6)*9. Determine r(h).
14
Let g(r) = -2*r - 7. Suppose 3 - 11 = -4*d. Suppose d*s = 7*s + 25. Calculate g(s).
3
Let r(q) = -7 - 3 - 8 - 292*q + 294*q. Give r(6).
-6
Let v(q) = -6*q**2 + q**3 - 2 - 19*q + 24*q + 0*q**2. Let n(w) = -4*w - 39. Let p be n(-11). Give v(p).
-2
Let k(l) = -l**2 + 8*l - 17. Let m be k(8). Let d = -32 - -19. Let n = d - m. Let s(c) = -c**2 + 4*c - 1. Calculate s(n).
-1
Let y(p) be the first derivative of p**4/4 - 2*p**3 - p**2 + 8*p + 1. Suppose -79 + 4 = -47*o + 207. What is y(o)?
-4
Let c = -17 + 25. Suppose 0 = 3*i - 5*j - 0 - 1, c = -4*i + 2*j. Let l(d) = d**3 + 5*d**2 - 3*d - 4. Give l(i).
23
Let z(r) = -r**3 + 14*r**2 - 5*r - 5. Let y(u) = u**3 - 8*u**2 + 5*u + 5. Let i(m) = 3*y(m) + 2*z(m). Determine i(-4).
-15
Suppose j - 45 = -13. Suppose -j = -4*q - 2*h, h - 34 = -5*q - 0*h. Let c(l) = -1. Let o(g) = g**2 - 8*g + 3. Let s(t) = -c(t) + o(t). What is s(q)?
-8
Let c(s) be the second derivative of 1/12*s**4 + 10*s + 0 + 5/6*s**3 + 3*s**2. Calculate c(-7).
20
Let r = 18 + -18. Let t be -2*((-9)/6 - r). Let q(y) = y**2 - 6*y. What is q(t)?
-9
Let z(a) = a**3 - 6*a**2 + 2*a + 7. Suppose -4*v + 13 + 7 = 0. Suppose v = -14*x + 15*x. Determine z(x).
-8
Suppose 3*v + 3*u + 29 = -u, 0 = -4*v + u - 7. Let s(i) = 5*i**3 + 10*i**2 - 3*i + 1. Let o(h) = -4*h**3 - 9*h**2 + 3*h. Let p(r) = v*s(r) - 4*o(r). Give p(-6).
15
Let m(i) = -8*i - 8. Let c(f) = 2*f + 3. Let s(r) = -8*c(r) - 3*m(r). What is s(-1)?
-8
Let d = 2 + -11. Let r(i) = 5*i**3 - 2*i**2 + 9*i + 2. Let m(v) = -2*v**3 + v**2 - 4*v - 1. Let z(y) = d*m(y) - 4*r(y). What is z(-1)?
2
Let u(j) = 2*j**2 - 3*j + 5. Suppose -3*l = 0, 3*l = 4*o + 4*l - 20. Calculate u(o).
40
Let u(m) = -3 - m + 0 - 2*m. Suppose 5*n = -x - 15, 30*x - 28 = 4*n + 34*x. Calculate u(n).
3
Let a(o) = -o**3 + 5*o**2 + 8*o - 8. Let k(x) = 2*x**2 + 24*x + 6. Suppose 2*i - 3*i = -3*l - 32, 20 = -2*l + i. Let w be k(l). What is a(w)?
4
Let g(t) = -t**2 + 3*t - 6. Suppose 2*n - 20*z + 18*z - 4 = 0, 2*n + 3*z - 24 = 0. Give g(n).
-24
Let q be 9 - (-2 + (8 - 3)). Let b(r) = 2*r**3 + r - r**3 + r - 8 - 6*r**2. Determine b(q).
4
Let p = 169/1086 - -2/181. Let y(x) be the third derivative of 0*x**3 + 0 + p*x**4 + x**2 + 0*x. Calculate y(-2).
-8
Let s(q) = 5*q**3 + 0 + 1 + 7*q**3. Let o(w) = w**3 - 23*w**2 + 90*w + 1. Let j be o(18). Give s(j).
13
Let i(f) = -f**3 - 4*f**2 - 3*f + 4. Let l(s) = s**3 + 3*s**2 + 2*s - 4. Let h(j) = -2*i(j) - 3*l(j). Let p be (-4 - -1) + 36/12. Calculate h(p).
4
Let i = -21 + 26. Let r(y) be the third derivative of y**4/12 - 7*y**3/6 - 2*y**2. Determine r(i).
3
Suppose 41*x = 14*x - 81. Let p(v) = -7*v - 2. Calculate p(x).
19
Let r(j) = -j**3 + 4*j**2 - 3. Let f be (1 - -2) + 11 + -18. Let p be f/(-14) - 132/(-28). Suppose -p = v - 8. Determine r(v).
6
Let b be 22 + -15 - (1 + 1). Let p(t) = -2*t**2 + 7*t + 11. Determine p(b).
-4
Suppose -3*u + 3*d = -4*u - 4, -3*d = 6. Let k(t) be the third derivative of -t**5/60 - t**3/6 - 878*t**2. Give k(u).
-5
Let q(r) be the third derivative of -r**6/120 + 7*r**5/60 + 7*r**4/24 + 7*r**3/6 + r**2. Let k be (-44)/(-6) + (-16)/(-24). Give q(k).
-1
Let d(y) = -16*y - 22*y - 2 - 22*y - 6 + 61*y. Determine d(2).
-6
Let y(k) be the second derivative of k**5/10 + k**4/3 + k**3/3 + k**2 + 15*k + 7. Determine y(-3).
-22
Let t(k) be the second derivative of -1/2*k**2 + 1/6*k**3 + 0 + 1/12*k**4 + 24*k. Give t(-3).
5
Let x(a) = -a - 765 - 789 + 1534. Determine x(-16).
-4
Let t(b) = -3*b**3 - 2*b**2 - 2*b - 1. Let f(l) = -2*l + 4. Let y be (4/6)/((-2)/(-6)). Let u be f(y). Let q be u + -3 + 2 + 0. Give t(q).
2
Let m(k) = -17*k - 1. Let p(w) = -w**3 + 6*w**2 - w + 5. Let o be p(6). What is m(o)?
16
Suppose 0*j + 3 = 3*j. Let q(t) = 3 - j - 3 - 7*t. Let g be (8/(-32))/((-4)/8)*2. What is q(g)?
-8
Let x(o) = -2*o + 5. Let t(i) = 2*i + 10. Let y be t(-8). Calculate x(y).
17
Let j(t) = 1. Let f(o) = o + 11. Let s(v) = 4*f(v) - 44*j(v). Let u(q) = 7*q + 1. Let d(a) = 5*s(a) - 3*u(a). Let k = -4 + -1. Determine d(k).
2
Suppose 0 = -4*u + 24 - 0. Let r(k) = 2 + 2*k**2 - 4 + 1 + 4*k. Let j(i) = 5*i**2 + 13*i - 2. Let b(l) = 3*j(l) - 8*r(l). Determine b(u).
8
Let m(t) be the first derivative of t**4/2 + 2*t**3/3 + t**2 + 3*t - 6. Suppose -63*d - 2*w = -67*d - 10, -2*w = -2. What is m(d)?
-9
Let b(c) = c + 7. Let n = -18 - -23. Let t(o) = -o**3 + 5*o**2 - o + 2. Let x be t(n). Calculate b(x).
4
Suppose f - 2*t = 3, 2*f + 2*t + 24 + 0 = 0. Let n be (f/(-21))/((-2)/18). Let c(s) = s**3 + 2*s**2 - 2*s + 3. Calculate c(n).
0
Suppose 4*o - 2*o = 28. Suppose 0 = -5*j + 25 + 30. Suppose 0 = -u - j + o. Let y(r) = -r**3 + 2*r**2 + 3*r - 1. Give y(u).
-1
Let q = 3 + 0. Let l(u) = 12*u**3 + 6*u**2 + 5*u. Let b(w) = -12*w**3 - 5*w**2 - 4*w. Let g(r) = q*l(r) + 4*b(r). Suppose 21*d + 36 - 15 = 0. Give g(d).
11
Let r(w) be the third derivative of w**9/60480 - w**8/20160 + w**7/2520 - w**6/720 - 2*w**5/15 + 8*w**2. Let p(d) be the third derivative of r(d). What is p(2)?
7
Suppose 5*l + 25 = 0, 4*i - 30 = -i + 3*l. Let p(q) = -9 + q + 0 + i + 1. Give p(-5).
-10
Let f = -26 + 30. Let z be (28/(-8) + 2)*f/6. Let n(x) = 13*x**2 - x - 1. What is n(z)?
13
Suppose 7*v + 24 = 3*v. Suppose 0 = p - 7 - 3. Let u(d) = 11*d**2 + 8*d - p*d**2 - d + 4. Calculate u(v).
-2
Suppose 4*r - 5 = 19. Let u(v) be the first derivative of v**4/4 - 2*v**3 + 5*